Let q be z(11). Suppose c - q = -i + 49, -c + 245 = 4*i. What is the highest common divisor of i and 10?
10
Suppose -5*w + 3*t + 0*t + 24 = 0, -3*t + 6 = 0. Suppose 0 = z - w*z + 100. What is the highest common factor of z and 8?
4
Suppose -w = 5*f - 59, 21 + 20 = 3*f - 5*w. What is the highest common divisor of 96 and f?
12
Let m be 4*(-1 - 0)*-1. Let x be (-2)/(-10)*-16*-60. Let q be (x/40)/((-6)/(-40)). What is the greatest common divisor of m and q?
4
Let m be 5 + -3 - 3 - -2. Let j be (m/3)/(1/261). Suppose 4*o - 547 + j = 0. What is the greatest common divisor of o and 23?
23
Let a be (-2)/8 - 396/(-48). Let p(b) = 2*b**2 - 8. Let z be p(-6). Calculate the highest common factor of a and z.
8
Let a be 6/(-15) - (-1731)/15. What is the highest common divisor of 46 and a?
23
Let v(y) = -y + 4. Let l be v(5). Let c be (-42)/(-4) - l/(-2). Calculate the highest common divisor of c and 90.
10
Suppose 9 = -3*o, -70 = -2*c + o + 63. Calculate the highest common divisor of c and 13.
13
Let v = -8 + 28. Let b be 3/4 + 225/v. Let h = -4 + 52. Calculate the highest common factor of b and h.
12
Let v = 108 - 54. Let j = 13 + v. Suppose 2*n + t - 42 = -n, 0 = -4*n - 5*t + j. Calculate the highest common divisor of 52 and n.
13
Suppose -2*p - 226 = -b, 0 = 3*b + p - 34 - 630. Suppose l = 3*x + 4*l - b, 2*x - 4*l - 124 = 0. Calculate the highest common factor of x and 28.
14
Suppose -6*p + 17*p = 33. What is the highest common factor of p and 12?
3
Let h = -19 + 11. Let q(j) = -j**3 + 12*j**2 - 10*j - 12. Let n be q(11). Let k be -1 + n + (-3 - h). Calculate the highest common divisor of 21 and k.
3
Let d = 88 - -60. Calculate the highest common factor of 222 and d.
74
Let h(r) = 5*r**3 + 3*r**2 + 8*r - 4. Let z(q) = q**3 + q**2 + q - 1. Let i(b) = -h(b) + 6*z(b). Let g be i(-3). What is the highest common factor of g and 1?
1
Let m(i) = 41 + 0*i**2 - 5 - i**2. Let t be m(0). Suppose 5*n - 270 = -5*z, 162 = -3*z + 6*z - 3*n. Calculate the highest common factor of t and z.
18
Suppose 4*p - 2*p - 320 = 0. Let f = -3 + 19. What is the greatest common factor of p and f?
16
Suppose 5*r - 24 = 11. What is the greatest common divisor of r and 14?
7
Let o be (-2 - -4)*11/2. Let v be (-7 - (-2 - 2)) + 248/2. What is the highest common factor of o and v?
11
Let o = 48 - 132. Let h be (o/3 - 2)/(-2). What is the greatest common divisor of 135 and h?
15
Suppose 0 = 7*p - 3*p - 60. Let o be 28 + 4*1/2. What is the highest common factor of o and p?
15
Let r(v) = -273*v**3 + v**2 + v. Let n be r(-1). Let d(p) = -16*p**2 - 3*p. Let s be d(3). Let q = n + s. What is the highest common divisor of q and 15?
15
Let q be (2/5 + 0)/((-10)/(-500)). What is the greatest common divisor of q and 100?
20
Let q(y) = -7*y - 5. Let c be q(-2). Let a(s) = 15*s. Let r be a(3). What is the greatest common factor of r and c?
9
Suppose -6 = 5*v - 21. Suppose 7*s - 4*s + v*r = 15, 9 = 3*r. Suppose s*h + 24 = 3*t - 2*h, 4*h = 0. Calculate the highest common factor of 4 and t.
4
Let v(j) = 2*j**2 - 6*j - 7. Let b be v(5). Suppose -4*k = 4*w - 88, 2*k - 5*w = -3*w + 60. Calculate the greatest common divisor of k and b.
13
Let x = 30 - 15. What is the greatest common factor of x and 15?
15
Let a(x) = -7*x + 7*x - 1 - 1 + 3*x**2. Let w be a(2). What is the highest common factor of 20 and w?
10
Suppose 183 = 3*y + 3*m - 165, 5*y - 540 = 5*m. Calculate the highest common divisor of y and 14.
14
Let v be (1 + 4)/((-3)/(-60)). Calculate the greatest common divisor of 40 and v.
20
Let s(i) = i + 49. Let f be s(0). Let j = f + -15. Suppose 8 = -2*o, 7*n - 239 = 4*n - 4*o. What is the greatest common factor of j and n?
17
Let p be (11 + -12)*(1 + -4). Let d = -37 + 52. What is the highest common divisor of d and p?
3
Suppose 0*a = -4*a. Suppose 4*s = r + 52 - 3, a = 3*s + r - 42. Calculate the greatest common factor of s and 26.
13
Suppose 0 = -s - 4*n + 3, 2*n + 16 = s + s. Let b be 10/(-35) - (-37)/s. Calculate the highest common divisor of b and 15.
5
Suppose -l - 6 = -39. Suppose -7*d = -5*d + 2. Let m be (6 + -5)*(4 + d). Calculate the greatest common factor of l and m.
3
Suppose 3*q + 19 = 2*u, 0*q + 25 = -3*q + 5*u. Let t be ((-58)/(-6))/(q/(-15)). Let r = t - 1. What is the greatest common factor of r and 14?
14
Suppose -2*t + 244 = -5*d, -82 - 71 = 3*d + t. Let f = d + 80. Calculate the highest common divisor of 6 and f.
6
Let p be 1/3 - 20/6. Let u be 2052/48 - p/(-4). Calculate the greatest common divisor of 105 and u.
21
Let y(t) = -2*t + 16. Let n(r) = r - 5. Let p(x) = 14*n(x) + 4*y(x). Let f be p(-6). Let h be -1 + 0 + f/(-3). Calculate the greatest common factor of 13 and h.
13
Suppose 53 = j + 5*l, -5*j - 5*l + 109 = -2*j. Calculate the greatest common divisor of j and 28.
28
Suppose 2*k + 34 = 3*h, 4*h - 49 = 3*k - 4*k. Calculate the highest common factor of 120 and h.
12
Let g(w) = 3*w**2 + 4*w - 7. Let r be g(5). Suppose 2*h = 4*h - 22. Calculate the highest common divisor of r and h.
11
Let l be ((-21)/(-9) - 2)*0. Suppose l = 3*m - 7*m + 16, -5*h + 672 = -2*m. What is the greatest common factor of h and 17?
17
Let p = -80 - -45. Let y be (-2)/7 + 130/p. Let h be (-10)/(-4)*(y - -10). What is the greatest common divisor of 10 and h?
5
Suppose 0 = u - 4, 4*m = -0*m + 4*u + 32. Suppose -6 - m = -r. What is the highest common factor of r and 2?
2
Let n = -68 + 76. Calculate the highest common divisor of n and 8.
8
Let m = -4 + 11. Suppose -2*v = -2*h + 2 + 176, -3*v = 5*h + 291. Let j = v + 169. What is the greatest common factor of j and m?
7
Suppose -5*n - 20 = 2*u - 265, 3*n - 9 = 0. What is the greatest common factor of u and 46?
23
Let r(w) = -2 + w**2 + 0*w + w - w. Let m be r(-2). Let d = -1 + 3. Calculate the highest common factor of d and m.
2
Suppose 0 = h + k - 64, -4*k + 56 = 2*h - 74. Calculate the highest common divisor of 9 and h.
9
Suppose -3*n - 2 = 5*v - 34, -n = 4*v - 6. What is the highest common divisor of n and 42?
14
Let n(x) = -x**2 - 4*x + 6. Let s be n(-5). Suppose 2*p + 5 - 3 = 0. Let c be p - -5*1 - -1. Calculate the greatest common factor of s and c.
1
Let m be -4 + 64/14 + 360/7. Calculate the highest common factor of m and 104.
52
Suppose -18*k + 23*k - 125 = 0. Let s = 405 + -130. What is the highest common divisor of k and s?
25
Let f = -26 - -101. What is the highest common factor of f and 30?
15
Let t be (-1)/4*1 - (-9081)/36. What is the greatest common factor of 36 and t?
36
Suppose -6*a + 12 = -5*a. Calculate the highest common divisor of 60 and a.
12
Let i = -15 - -16. Let t(a) = a**2 - 5*a - 5. Suppose 9*g - 35 = 4*g. Let s be t(g). Calculate the highest common divisor of s and i.
1
Let i = 53 - -47. Let y(g) = -g**3 - 3*g**2 - g. Let r be y(-4). Calculate the highest common factor of r and i.
20
Let t be (1/3)/(3/405). Calculate the greatest common divisor of t and 18.
9
Let b be -4*10/12*3. Let u(r) = -10*r - 1. Let w be u(b). What is the greatest common factor of 9 and w?
9
Let v = 20 + -11. Calculate the highest common divisor of v and 9.
9
Let w be (-11)/3 - 2/(-3). Let t = 6 + w. Suppose -p + 24 = 3*s - 11, -2*s = -t*p - 16. Calculate the highest common factor of s and 121.
11
Suppose 34 = 4*y - 38. Let o(r) = r**3 + 2*r**2 - 3*r - 7. Let c be o(-5). Let w = 94 + c. Calculate the greatest common factor of w and y.
9
Let q(c) = -36*c - 2. Let r be q(-1). Calculate the highest common divisor of r and 34.
34
Suppose 2*g = 2*x - 3*x - 33, 2*g = -3*x - 83. Let m = -9 - 9. Let q = m - x. Calculate the highest common divisor of 14 and q.
7
Suppose 0 = -0*w + w - 5*i + 145, 5*w + 685 = 5*i. Let s = w - -223. Let p = 10 + 12. What is the highest common divisor of p and s?
22
Suppose -y = 2*z - 46, 2*z - 3*y - 53 = -15. Let t(b) = 3*b**3 + 2*b**2 + 1. Let m be t(2). Calculate the highest common factor of z and m.
11
Suppose 95 = 13*y - 100. What is the greatest common divisor of y and 120?
15
Suppose 3*j - 4*j = 163. Let d = j + 247. Suppose 32 = -2*t + d. What is the greatest common divisor of t and 13?
13
Let c(r) be the first derivative of -r**2 - 7 - 4*r + 9 - r**2. Let m be c(-3). What is the greatest common factor of m and 64?
8
Let j(f) = f - 10. Let r be j(13). What is the greatest common factor of r and 15?
3
Suppose 5*a - a = -j + 2